Let n(r) = r**3 - 6*r**2 - 7*r - 7. Determine n(7).
-7
Let p(f) = 2*f - 18. Give p(7).
-4
Let m(y) = -y**3 - 13*y**2 + 2*y + 18. Determine m(-13).
-8
Let r(a) = -23*a - 160. Give r(-7).
1
Let r(d) = d**2 + 6. What is r(6)?
42
Let v(l) = l**2 + 10*l + 14. Give v(-4).
-10
Let u(n) = -5*n - 80. Calculate u(-18).
10
Let p(c) = -c**2 + 13*c. What is p(6)?
42
Let g(x) = -x**3 + 7*x**2 - 3*x - 5. What is g(7)?
-26
Let c(l) = -l**2 + 9*l - 13. Determine c(6).
5
Let n(m) = -m**2 + 6*m - 17. Calculate n(8).
-33
Let j(o) = o**3 + o**2 - 31*o - 6. What is j(5)?
-11
Let q(b) = -b + 2. Calculate q(-5).
7
Let u(w) = -16*w + 3. Determine u(-5).
83
Let f(a) = a + 13. Calculate f(-9).
4
Let n(f) = f**3 - 6*f**2 - 23*f + 105. What is n(7)?
-7
Let f(b) = -b**3 - b**2 - 3*b - 1. What is f(-1)?
2
Let v(h) = -h**2 - 66*h - 183. Determine v(-63).
6
Let w(h) = h**3 - 30*h**2 - 24*h - 244. What is w(31)?
-27
Let s(n) = n**3 + 10*n**2 + 10*n - 1. Calculate s(-9).
-10
Let h(c) = -5*c - 32. Give h(-8).
8
Let a(l) = 2*l**2 - 41*l + 25. Determine a(20).
5
Let s(a) = -4*a + 99. Determine s(24).
3
Let j(c) = c**3 + 2*c**2 - 19*c + 5. Determine j(3).
-7
Let j(u) = -u + 34. Give j(36).
-2
Let a(o) = o**3 - o**2 - 6*o + 3. Calculate a(3).
3
Let r(l) = -45*l + 170. Determine r(4).
-10
Let w(o) = 4*o**2 - 56*o + 92. What is w(12)?
-4
Let p(s) = -4*s + 2. What is p(2)?
-6
Let b(u) = 5*u**3 + 88*u**2 + 52*u + 20. Determine b(-17).
3
Let a(s) = -34*s + 68. Give a(2).
0
Let s(t) = -t**2 + 13*t - 13. Calculate s(10).
17
Let f(z) = 4*z**3 + 2*z**2 - 7*z + 6. Calculate f(1).
5
Let o(j) = -j**3 + 10*j**2 - 11*j + 23. Determine o(10).
-87
Let x(g) = -4*g**3 + g**2 - 1. Calculate x(1).
-4
Let b(x) = 2*x**2 - 9*x + 5. What is b(4)?
1
Let b(q) = -9*q - 228. Give b(-27).
15
Let u(y) = -5*y. What is u(5)?
-25
Let i(r) = r**3 + 5*r**2 + 4*r + 1. Give i(-4).
1
Let x(l) = l**2 - 8*l + 4. Calculate x(3).
-11
Let r(d) = 2*d - 49. Determine r(26).
3
Let a(j) = j**2 - 14*j + 38. Determine a(9).
-7
Let h(x) = -x - 93. Calculate h(-94).
1
Let g(h) = h**3 - 3*h + 3. What is g(2)?
5
Let n(r) = -r**2 - 8. Determine n(0).
-8
Let o(m) = m - 11. Give o(-38).
-49
Let g(t) = 15*t + 23. Determine g(6).
113
Let r(i) = -29*i**2 + 4*i + 5. Calculate r(-1).
-28
Let n(o) = o**3 + 9*o**2 + 4*o + 15. Determine n(-6).
99
Let b(z) = -z - 15. Calculate b(-7).
-8
Let x(p) = p + 11. What is x(16)?
27
Let z(t) = t**2 - t - 2. Give z(0).
-2
Let z(w) = 32*w - 349. Calculate z(11).
3
Let m(f) = -4*f + 95. What is m(19)?
19
Let w(v) = -2*v**2 - 7*v + 57. What is w(0)?
57
Let s(c) = 17*c - 12. Determine s(2).
22
Let v(i) = i**2 + 14*i + 11. Determine v(-12).
-13
Let d(u) = -u**3 - 4*u**2 + 19*u - 10. Calculate d(-7).
4
Let m(o) = o**3 - 33*o**2 + 3*o - 11. What is m(33)?
88
Let l(v) = v**2 - 55*v + 659. Give l(37).
-7
Let y(s) = 28*s**2 - 139*s - 4. Give y(5).
1
Let r(q) = q**2 - 5*q - 9. Give r(0).
-9
Let v(k) = -k**3 + 5*k**2 + k - 5. Determine v(5).
0
Let b(z) = 3*z - 9. Calculate b(6).
9
Let n(r) = r**2 - 8*r + 12. Determine n(6).
0
Let p(f) = -f**3 - 24*f**2 + 27*f + 51. Determine p(-25).
1
Let f(s) = -s**2 + 14. Determine f(0).
14
Let y(q) = -2*q**2 - 2*q - 2. Give y(-4).
-26
Let a(z) = -9*z**3 + z**2 - z - 2. Give a(-1).
9
Let s(x) = -x**3 - x**2 + 2*x + 6. What is s(-3)?
18
Let v(t) = t**3 + 8*t**2 + 5*t - 22. Determine v(-7).
-8
Let k(n) = n**3 + 7*n**2 - 9*n - 5. Give k(-8).
3
Let g(l) = 17*l - 341. What is g(20)?
-1
Let j(x) = -x**3 - 14*x**2 + 16*x + 15. Calculate j(-15).
0
Let t(j) = -j**3 + 12*j**2 - 13*j - 6. Determine t(11).
-28
Let g(r) = -r**2 - 12*r - 25. Determine g(-7).
10
Let h(x) = 2*x**2 + 26*x + 21. What is h(-14)?
49
Let s(o) = -o + 9. Calculate s(16).
-7
Let z(a) = a**2 + 4*a - 4. Determine z(-6).
8
Let q(g) = -g**3 + 7*g**2 - 9*g + 9. Determine q(6).
-9
Let q(v) = v**3 + 12*v**2 + 15*v + 1. Give q(-11).
-43
Let w(f) = -12*f - 114. Give w(-8).
-18
Let y(g) = 4*g + 262. Determine y(-68).
-10
Let y(m) = -m**3 - 17*m**2 + 20*m + 24. Determine y(-18).
-12
Let h(q) = 2*q + 7. What is h(10)?
27
Let l(i) = -10*i**2 - 2*i + 1. Determine l(1).
-11
Let y(w) = -3*w - 9. Calculate y(-5).
6
Let j(u) = -u**2 - 75*u - 280. Calculate j(-4).
4
Let w(a) = -a + 15. Give w(11).
4
Let h(c) = c**3 - 7*c**2 + 11*c - 19. What is h(6)?
11
Let a(s) = -2*s + 10. Calculate a(4).
2
Let m(v) = -5*v**2 + 16*v + 8. Calculate m(4).
-8
Let x(f) = -5*f - 6. Calculate x(6).
-36
Let y(z) = -6*z + 233. What is y(39)?
-1
Let h(t) = t**3 + 2*t - 3. Give h(3).
30
Let d(w) = w**2 - 4*w + 1. Calculate d(3).
-2
Let j(b) = -6*b**3 + 2*b**2 - 2*b + 6. Give j(2).
-38
Let g(d) = 13*d**2 - 5*d - 5. Give g(-3).
127
Let y(j) = -2*j**2 + 2*j + 2. Determine y(2).
-2
Let p(i) = 16*i + 13. Determine p(-2).
-19
Let g(u) = -33*u + 5. What is g(2)?
-61
Let i(u) = -2*u**3 - 3*u**2 + 2*u + 4. Calculate i(-2).
4
Let b(v) = -2*v**2 - 16*v - 7. Determine b(-7).
7
Let l(b) = 3*b + 8. Calculate l(-10).
-22
Let g(x) = 18*x + 2. Calculate g(-3).
-52
Let d(c) = c**3 + 3*c**2 + 8*c + 42. Calculate d(-4).
-6
Let d(a) = a**2 - 6*a - 152. Give d(-10).
8
Let d(f) = f + 26. Give d(-35).
-9
Let c(s) = s**3 + s**2 + s + 3. Determine c(0).
3
Let g(x) = x**2 - 13*x - 10. Give g(14).
4
Let p(g) = -5*g**2 - 30*g + 37. Determine p(-7).
2
Let z(b) = b**2 + 5*b + 9. Give z(-4).
5
Let n(y) = -y - 9. Calculate n(6).
-15
Let y(j) = j**3 + 11*j**2 + 10*j - 8. What is y(-10)?
-8
Let x(p) = p**3 - 5*p**2 - 3*p - 1. Determine x(4).
-29
Let i(j) = 2*j**2 - 5*j - 25. Determine i(-4).
27
Let h(c) = -c**2 - 4*c + 4. Calculate h(-4).
4
Let p(s) = -s**3 - 8*s**2 + 6*s + 3. What is p(-8)?
-45
Let q(f) = 4*f**2 + 2*f. Determine q(-1).
2
Let u(o) = -o**2 + 60*o + 259. Give u(-4).
3
Let r(p) = 4*p - 11. Calculate r(-5).
-31
Let h(t) = 2*t**2 - t + 2. Calculate h(4).
30
Let j(h) = -22*h**2 + 3*h + 2. Calculate j(-1).
-23
Let l(c) = -c**2 - 21*c + 15. Calculate l(-22).
-7
Let t(x) = -x**3 - 9*x**2 + 9*x + 33. Calculate t(-10).
43
Let b(y) = -2*y**2 + 23*y + 221. What is b(-6)?
11
Let i(c) = c**2 + 6*c - 7. Determine i(-7).
0
Let a(q) = -58*q**3 - q**2 - 3*q - 2. Give a(-1).
58
Let t(q) = q**2 - 67*q + 996. Calculate t(22).
6
Let j(c) = -c**3 - c**2 + 2*c - 2. What is j(1)?
-2
Let l(g) = 6*g + 36. Calculate l(-10).
-24
Let p(t) = 12*t**2 - 19*t - 4. What is p(2)?
6
Let f(b) = -3*b**2 - 9*b - 12. Determine f(-3).
-12
Let p(x) = -x**3 - 3*x**2 + 12*x + 2. What is p(-5)?
-8
Let f(x) = 2*x - 50. Determine f(20).
-10
Let q(g) = -4*g - 43. What is q(-11)?
1
Let h(u) = u**2 - 3*u - 3. Calculate h(-6).
51
Let p(x) = -8*x - 64. Determine p(-8).
0
Let a(m) = m**2 - 24*m + 16. Calculate a(23).
-7
Let h(b) = -6*b + 3. Give h(-1).
9
Let a(r) = -r**3 + 4*r**2 - r - 1. What is a(4)?
-5
Let v(i) = i**3 - 51*i**2 + 51*i - 81. Give v(50).
-31
Let m(c) = 18*c - 1. Calculate m(3).
53
Let l(f) = -4*f + 60. Calculate l(11).
16
Let z(t) = 2*t**2 + 2*t - 4. Calculate z(4).
36
Let v(x) = -x - 2. Calculate v(-1).
-1
Let a(k) = -38*k**2 - k - 1. What is a(-1)?
-38
Let i(k) = k**2 - 2*k - 49. Calculate i(-7).
14
Let p(l) = l**3 - 6*l**2 + 7*l + 7. Determine p(4).
3
Let y(x) = -4*x - 39. Determine y(-7).
-11
Let z(o) = o**2 - 5*o + 19. Give z(10).
69
Let z(s) = -s**3 + 4*s**2 + 3*s + 5. Give z(4).
17
Let k(d) = d**2 + 14*d + 44. Determine k(-7).
-5
Let c(b) = b**2 + 13*b - 15. Give c(-14).
-1
Let n(b) = b**3 - 10*b**2 + 8*b + 19. Give n(9).
10
Let u(z) = -z**3 - 29*z**2 - 28*z + 8. Give u(-28).
8
Let v(c) = -c**2 + 14*c - 12. Determine v(11).
21
Let x(t) = 3*t**2 + 94*t + 115. Determine x(-30).
-5
Let y(t) = -t**3 - 14*t**2 + 70*t - 37. Determine y(-18).
-1
Let a(l) = l**2 + 2*l - 3. Calculate a(2).
5
Let b(l) = -7*l - 3. What is b(-7)?
46
Let g(l) = l**3 + 4*l**2 - 3*l + 2. Calculate g(-5).
-8
Let r(f) = 15*f - 442. What is r(29)?
-7
Let g(h) = -9*h - 1. Give g(1).
-10
Let w(g) = 9*g**2 - 7*g + 8. Calculate w(1).
10
Let l(j) = 6*j + 2. Calculate l(-9).
-52
Let y(l) = l**3 - 6*l**2 - 7*l + 10. Determine y(6).
-32
Let a(l) = -l**3 - 4*l**2 + 13*l. Determine a(-6).
-6
Let f(j) = j**3 - 15*j**2 - 20*j + 68. Determine f(16).
4
Let d(y) = 26*y - 248. What is d(10)?
12
Let k(u) = u**3 - u**2 + 18. Calculate k(0).
18
Let q(h) = -3*h**2 + 2*h - 1. Calculate q(2).
-9
Let j(s) = s**2 + 16*s + 7. Determine j(-15).
-8
Let t(z) = -z + 17. D